vided by x(-6)?
12
Let i = -9 + 11. Suppose 0 = -i*a + 71 - 3. What is the remainder when a is divided by 12?
10
Let q(b) = 5*b**2 + 3*b - 1. Suppose 2*w + 96 = 3*r + 2*r, 0 = 5*w + 15. Calculate the remainder when q(3) is divided by r.
17
Let h(q) be the first derivative of 3*q - 1 + 1/3*q**3 - 5/2*q**2. What is the remainder when 32 is divided by h(7)?
15
Let v(n) = 21*n. Let h = 3 - 1. Suppose 5*j - r = 198, h*j + 7 = -r + 89. What is the remainder when j is divided by v(1)?
19
Let v(r) = -r - 1. Let y be v(-4). Let s(k) = -1 + 2*k**y - 6*k**2 + 2*k - k**3 + 2. What is the remainder when s(6) is divided by 7?
6
Let w(q) = -q**3 - 5*q**2 - 3*q - 5. Let t be w(-6). Suppose 0 = -4*j + 31 + t. Let f(a) = a - 5. What is the remainder when j is divided by f(12)?
6
Suppose -2*z + 82 = -o - 94, 0 = -5*z - o + 426. Let u = z + -60. Let c(t) = t**3 + 6*t**2 + 3*t - 1. What is the remainder when u is divided by c(-5)?
8
Let u(r) = 13*r**2 + r + 2. Let c be u(6). Suppose 3*t = t + c. What is the remainder when 41 is divided by t/22 - 6/(-33)?
8
Let w(c) = -c**3 + c**2 + c + 2. Let j be w(2). Suppose -5*o - 44 + 119 = j. Calculate the remainder when 29 is divided by o.
14
Let o(u) = 9*u + 1. What is the remainder when o(3) is divided by 16?
12
Let q(m) = -14*m. Calculate the remainder when q(-7) is divided by 25.
23
Let o(a) = -4*a**3 - 5*a**2 - 2*a**2 + 0*a**2 + 3*a**3 - 3*a. Let d be o(-6). Let v = d - -28. What is the remainder when 28 is divided by v?
8
Suppose 10 = -3*x - 2*x. Let g = 14 + x. Calculate the remainder when (2/4)/(5/220) is divided by g.
10
Let d be (-1)/(-2) + 27/(-2). Let c = -3 - d. Let a = -137 + 175. Calculate the remainder when a is divided by c.
8
Let x(v) = v**3 - 5*v**2 - 4*v - 7. Let j be x(6). Suppose -3*z + 7 = -2*z - j*a, 2*a - 38 = -3*z. Calculate the remainder when 23 is divided by z.
11
Let m = -1 + 4. Let h = m - -4. Calculate the remainder when ((-10)/(-8))/((-2)/(-32)) is divided by h.
6
Suppose 60 = 5*m - 4*l, 5*m - 3*m + 9 = -5*l. Suppose -m = -4*h, 2*d + 3*h = h + 42. What is the remainder when d is divided by 10?
9
Calculate the remainder when 60 is divided by 687/33 + (-4)/(-22).
18
Calculate the remainder when ((-2)/2)/((-1)/46) is divided by 16.
14
Let h(w) = w**2 - w - 10. Calculate the remainder when 59 is divided by h(-5).
19
Let f(a) = -a**3 + 2*a**2 + a + 1. Suppose -2*o + 5 = -9. Calculate the remainder when o is divided by f(2).
1
Let l(f) = f - 3. Let q be l(7). Suppose -30 = w - q*w. Let i(o) = -o**3 + 5*o**2 + 7*o - 2. What is the remainder when w is divided by i(6)?
2
Let h(s) = 3*s - 2. Calculate the remainder when h(6) is divided by (-112)/(-18) - 12/54.
4
Let l be 4/(-6)*15/(-2). Suppose 4*y - l*q - 25 = -y, -2*y = -4*q. Calculate the remainder when 28 is divided by y.
8
Suppose 3*d = 2*d + 3. Suppose -4*q - 80 = -d*s, -3*s = -4*s + 5*q + 45. Calculate the remainder when 58 is divided by s.
18
Suppose 4*f - 207 = 3*m - 20, 0 = -5*f + 4*m + 234. What is the remainder when f is divided by 16?
14
Let j = -12 - -36. Suppose 3*m + 6 = j. Let d(a) = -a + 9. What is the remainder when m is divided by d(7)?
0
Let h be (3/(-6))/(2/188). Let y = 99 + h. What is the remainder when y is divided by (12/(-2))/(2/(-6))?
16
Let q be (-15)/6*24/(-10). Suppose -36 = 4*r - q*r. What is the remainder when 53 is divided by r?
17
Let w(r) = r**2 + 9*r + 3. Let s be w(-5). Let q = s - -27. Calculate the remainder when 49 is divided by q.
9
Suppose -2*v + 1 + 1 = 0. Calculate the remainder when 3*16 - (v + 0) is divided by 24.
23
Let b be (0 + -4)*(-1)/(-2). Let n be (1 + -2)*-5 + b. Suppose -4*t + 4*o + 30 = -26, -n*o - 74 = -5*t. What is the remainder when 30 is divided by t?
14
What is the remainder when 2 + (4 - (-24 - 2)) is divided by 27?
5
Suppose 0 = -j + 3 + 1. Suppose -j*v - 12 = -52. Calculate the remainder when 29 is divided by v.
9
Suppose 0 = -7*f + 6*f + 26. What is the remainder when f is divided by 10?
6
Suppose -5*x = -8*x + 36. What is the remainder when 20 is divided by x?
8
Suppose 4*b - 4 = 12. Let x be 0 + (2 - 3) - -28. Suppose x + 25 = b*r. What is the remainder when 38 is divided by r?
12
Suppose 3*z - z = 12. Calculate the remainder when z is divided by 6.
0
Suppose 4*h = 2*h - 34. Let g = h + 38. Calculate the remainder when 83 is divided by g.
20
Let d(i) = 6*i - 10. Suppose -3*w = u - 27, 2*u + 0*u = -4*w + 62. What is the remainder when u is divided by d(5)?
19
Let g = -2 + 9. Let n = -6 + g. Calculate the remainder when n is divided by 1.
0
Suppose 2*n + 4*h + 0*h - 72 = 0, -n - 4*h = -28. What is the remainder when n is divided by 9?
8
Let d(i) = -i**2 - 8*i - 5. Let k be d(-6). Let y(a) = 7*a + 6. Let p be y(k). Suppose 2*n = 45 + p. Calculate the remainder when n is divided by 17.
16
Suppose 3*w = -3*m + 24, w = -m - 3*w + 5. Suppose -2*o + m = o. Calculate the remainder when 17 is divided by ((-6)/(-1))/3 + o.
2
Suppose -3*q + 35 = -1. Let a = -5 + q. Suppose -a + 47 = 5*r. Calculate the remainder when r is divided by 5.
3
Suppose 5*d = 3*d + 14. Calculate the remainder when 61 is divided by d.
5
Suppose c - 11 = 2*h, -5*c = h - 3*h - 79. Suppose 3*y = -2*k - 29, -k + 0 - 17 = 2*y. Let x = k + c. What is the remainder when 18 is divided by x?
8
Let o(p) = 2*p**3 - 44*p**2 + p + 32. Calculate the remainder when 106 is divided by o(22).
52
Let m = 42 - 25. Calculate the remainder when 67 is divided by m.
16
Let z = -1 - -2. Let y = 72 + -19. Calculate the remainder when y is divided by (z - 0 - 29)/(-2).
11
Let c = 32 + -25. Calculate the remainder when 19 is divided by c.
5
Let q(j) = j**2 - 3. Let u be q(0). Let b be (1 - 3)*u/2. Suppose -3*c + 3*g = 2*c - 30, 5*g + 34 = b*c. Calculate the remainder when 7 is divided by c.
1
Let a be ((-6)/10)/((-2)/20). Let g = a + 2. Calculate the remainder when 46 is divided by g.
6
Let q = 5 + -3. Let r = 51 - 49. Suppose -4*k + 18 = q*n, 0 = -k + 3*n + r*n - 23. What is the remainder when k is divided by 2?
0
Suppose -22 + 8 = -3*i - 2*m, -4*i + m = -4. Let z be 3 + (-3)/(-9)*0. Suppose g - 2*t = 0, -t = -z*g + 3 + 2. What is the remainder when i is divided by g?
0
Suppose 6*j - 38 - 220 = 0. What is the remainder when j is divided by 22?
21
Suppose -3*k - 2*k - 3*x = -130, -2*x + 10 = 0. Suppose -2*l = -k + 1. What is the remainder when 20 is divided by l?
9
Suppose -5*k = 2*q + 14, 2*q + 0*k = k + 10. Calculate the remainder when 13 is divided by (2 - 4)/(q/(-12)).
5
What is the remainder when (80/25)/((-2)/(-45)) is divided by 15?
12
Suppose -5*b + 2*j + 92 = 0, -3*b + 0*j + 58 = -4*j. Calculate the remainder when 35 is divided by b.
17
What is the remainder when 93/((-7)/(28/(-12))) is divided by 8?
7
What is the remainder when 1*1/(5/65) is divided by 3?
1
Let y(p) = -5*p + 4. Let l be y(-4). Let q = 58 - l. Calculate the remainder when q is divided by 0/1 - (-2 + -16).
16
Let x(u) = 2*u**2 + 11*u + 29. Calculate the remainder when x(-7) is divided by 11.
6
Let k(s) = -3*s - 52. What is the remainder when 50 is divided by k(-22)?
8
Let p(f) = 2*f**3 - 3*f**2 + 2*f - 4. Suppose 9*g - 12 = 5*g. Calculate the remainder when 86 is divided by p(g).
28
What is the remainder when 103 is divided by ((-3)/(-9)*-35)/(2/(-6))?
33
Suppose 0 = -4*n + 7*t - 3*t + 528, -20 = 4*t. What is the remainder when n is divided by 26?
23
Let y be 4*(1 + 3/(-12)). Suppose 0 = 2*u + y*u - 25. Suppose -2*q = -5*m + 88, -2*m + q - 3*q = -38. What is the remainder when m is divided by u?
3
Let k(s) = s + 30. Calculate the remainder when 30 is divided by k(-19).
8
Let r(n) = n**3 - 2*n**2 - 3*n - 8. Let c be r(6). Let i = -33 + c. Calculate the remainder when i is divided by 22.
19
Let g = 280 + -151. Calculate the remainder when g is divided by 12.
9
Suppose 2*k + 15 = p, 4*k = p - 0*p - 25. Let j be (6/k)/((-3)/(-15)). Calculate the remainder when 46 is divided by 6*((-22)/j - 1).
14
Suppose -10*r + 285 = -5*r. Calculate the remainder when r is divided by 12.
9
Suppose 2*j + p - 116 = 0, -5*p + 181 = 3*j - 0*p. What is the remainder when j is divided by 21?
15
Let x(m) = m**3 - 5*m**2 - m + 4. Let f be x(6). Let j = f + -3. Calculate the remainder when j is divided by 11.
9
Let v = 66 - 43. What is the remainder when v is divided by (-4)/(-1) - 4/(-2)?
5
Suppose 